{"id":334,"date":"2018-03-15T12:38:46","date_gmt":"2018-03-15T11:38:46","guid":{"rendered":"http:\/\/www.fcstpauli-visuell.de\/?page_id=334"},"modified":"2020-06-11T09:48:08","modified_gmt":"2020-06-11T07:48:08","slug":"sonderfuehrung","status":"publish","type":"page","link":"http:\/\/blog.1910-museum.de\/fcstpauli-visuell\/sonderfuehrung\/","title":{"rendered":"Sonderf\u00fchrung"},"content":{"rendered":"<!--themify_builder_content-->\n<div id=\"themify_builder_content-334\" data-postid=\"334\" class=\"themify_builder_content themify_builder_content-334 themify_builder tf_clear\">\n                    <div  data-lazy=\"1\" class=\"module_row themify_builder_row tb_r9mo572 tb_first tf_w\">\n                        <div class=\"row_inner col_align_top tb_col_count_2 tf_box tf_rel\">\n                        <div  data-lazy=\"1\" class=\"module_column tb-column col4-2 tb_vjz8590 first\">\n                    <!-- module plain text -->\n<div  class=\"module module-plain-text tb_qwbn000 \" data-lazy=\"1\">\n        <div class=\"tb_text_wrap\">\n    Sonderf\u00fchrung zur Ausstellung    <\/div>\n<\/div>\n<!-- \/module plain text --><!-- module text -->\n<div  class=\"module module-text tb_d0lh660  repeat \" data-lazy=\"1\">\n        <div  class=\"tb_text_wrap\">\n        <h5>Durch Ausstellung und Stadion f\u00fchrt Fotojournalist Peter Boehmer (boehmer.pixpasites.com), der mit seinen Bildern an der Ausstellung teilnimmt und in diesem Rahmen auch wesentliche kuratorische Aufgaben \u00fcbernommen hat. Boehmer begleitet den FC St. Pauli nicht nur beruflich als professioneller Sportfotograf, er ist dem Verein auch seit Jahrzehnten als Fan verbunden.<br \/>Somit bietet die F\u00fchrung \u00fcber Historie, Fakten und Anekdoten zum Millerntor-Stadion und dem FC St. Pauli hinaus, auch einen tieferen Blick in die fotografische Umsetzung der Geschehnisse auf dem Platz und den R\u00e4ngen. Die Tour erm\u00f6glicht ebenso Einblicke in die Arbeit professioneller Sportfotografen beim FC St. Pauli, wie auch allgemein in die Pressearbeit bei einem Bundesligaverein.<\/h5>\n<h5>Teilnahme: Karten gibt es an den Kartenschaltern der S\u00fcdtrib\u00fcne, online unter <a href=\"https:\/\/www.eventimsports.de\/ols\/fcspsf\/de\/sof\/channel\/shop\/index\" target=\"_blank\" rel=\"noopener\">www.eventimsports.de<\/a>, oder direkt beim Guide. Direktlink zu Zeiten und Buchungsm\u00f6glichkeit:\u00a0<a href=\"https:\/\/www.eventimsports.de\/ols\/fcspsf\/de\/sof\/channel\/shop\/index\" target=\"_blank\" rel=\"noopener\">HIER.<\/a><\/h5>\n<h5>Allgemeine Informationen zur Stadionf\u00fchrung gibt es hier: <a href=\"http:\/\/www.millerntour.com\/#home\" target=\"_blank\" rel=\"noopener\">MILLERNTOUR.com<\/a><\/h5>    <\/div>\n<\/div>\n<!-- \/module text -->        <\/div>\n                    <div  data-lazy=\"1\" class=\"module_column tb-column col4-2 tb_8iz6001 last\">\n                    <!-- module image -->\n<div  class=\"module module-image tb_jiwh026 image-center   tf_mw\" data-lazy=\"1\">\n        <div class=\"image-wrap tf_rel tf_mw\">\n            <img loading=\"lazy\" decoding=\"async\" width=\"900\" height=\"599\" src=\"http:\/\/blog.1910-museum.de\/fcstpauli-visuell\/wp-content\/uploads\/sites\/15\/rasen.jpg\" class=\"wp-post-image wp-image-339\" title=\"rasen\" alt=\"rasen\" srcset=\"http:\/\/blog.1910-museum.de\/fcstpauli-visuell\/wp-content\/uploads\/sites\/15\/rasen.jpg 900w, http:\/\/blog.1910-museum.de\/fcstpauli-visuell\/wp-content\/uploads\/sites\/15\/rasen-300x200.jpg 300w, http:\/\/blog.1910-museum.de\/fcstpauli-visuell\/wp-content\/uploads\/sites\/15\/rasen-768x511.jpg 768w\" sizes=\"auto, (max-width: 900px) 100vw, 900px\" \/>    \n        <\/div>\n    <!-- \/image-wrap -->\n    \n        <\/div>\n<!-- \/module image -->        <\/div>\n                        <\/div>\n        <\/div>\n        <\/div>\n<!--\/themify_builder_content-->","protected":false},"excerpt":{"rendered":"<p>Sonderf\u00fchrung zur Ausstellung Durch Ausstellung und Stadion f\u00fchrt Fotojournalist Peter Boehmer (boehmer.pixpasites.com), der mit seinen Bildern an der Ausstellung teilnimmt und in diesem Rahmen auch wesentliche kuratorische Aufgaben \u00fcbernommen hat. [&hellip;]<\/p>\n","protected":false},"author":18,"featured_media":0,"parent":0,"menu_order":0,"comment_status":"closed","ping_status":"closed","template":"","meta":{"_acf_changed":false,"footnotes":""},"class_list":["post-334","page","type-page","status-publish","hentry","has-post-title","has-post-date","has-post-category","has-post-tag","has-post-comment","has-post-author",""],"acf":[],"yoast_head":"<!-- This site is optimized with the Yoast SEO plugin v26.6 - https:\/\/yoast.com\/wordpress\/plugins\/seo\/ -->\n<title>Sonderf\u00fchrung - FC St. Pauli visuell<\/title>\n<meta name=\"robots\" content=\"index, follow, max-snippet:-1, max-image-preview:large, max-video-preview:-1\" \/>\n<link rel=\"canonical\" href=\"http:\/\/blog.1910-museum.de\/fcstpauli-visuell\/sonderfuehrung\/\" \/>\n<meta property=\"og:locale\" content=\"de_DE\" \/>\n<meta property=\"og:type\" content=\"article\" \/>\n<meta property=\"og:title\" content=\"Sonderf\u00fchrung - FC St. Pauli visuell\" \/>\n<meta property=\"og:description\" content=\"Sonderf\u00fchrung zur Ausstellung Durch Ausstellung und Stadion f\u00fchrt Fotojournalist Peter Boehmer (boehmer.pixpasites.com), der mit seinen Bildern an der Ausstellung teilnimmt und in diesem Rahmen auch wesentliche kuratorische Aufgaben \u00fcbernommen hat. [&hellip;]\" \/>\n<meta property=\"og:url\" content=\"http:\/\/blog.1910-museum.de\/fcstpauli-visuell\/sonderfuehrung\/\" \/>\n<meta property=\"og:site_name\" content=\"FC St. Pauli visuell\" \/>\n<meta property=\"article:modified_time\" content=\"2020-06-11T07:48:08+00:00\" \/>\n<meta property=\"og:image\" content=\"http:\/\/blog.1910-museum.de\/fcstpauli-visuell\/wp-content\/uploads\/sites\/15\/rasen.jpg\" \/>\n<meta name=\"twitter:card\" content=\"summary_large_image\" \/>\n<meta name=\"twitter:label1\" content=\"Gesch\u00e4tzte Lesezeit\" \/>\n\t<meta name=\"twitter:data1\" content=\"1\u00a0Minute\" \/>\n<script type=\"application\/ld+json\" class=\"yoast-schema-graph\">{\"@context\":\"https:\/\/schema.org\",\"@graph\":[{\"@type\":\"WebPage\",\"@id\":\"http:\/\/blog.1910-museum.de\/fcstpauli-visuell\/sonderfuehrung\/\",\"url\":\"http:\/\/blog.1910-museum.de\/fcstpauli-visuell\/sonderfuehrung\/\",\"name\":\"Sonderf\u00fchrung - FC St. Pauli visuell\",\"isPartOf\":{\"@id\":\"http:\/\/blog.1910-museum.de\/fcstpauli-visuell\/#website\"},\"primaryImageOfPage\":{\"@id\":\"http:\/\/blog.1910-museum.de\/fcstpauli-visuell\/sonderfuehrung\/#primaryimage\"},\"image\":{\"@id\":\"http:\/\/blog.1910-museum.de\/fcstpauli-visuell\/sonderfuehrung\/#primaryimage\"},\"thumbnailUrl\":\"http:\/\/blog.1910-museum.de\/fcstpauli-visuell\/wp-content\/uploads\/sites\/15\/rasen.jpg\",\"datePublished\":\"2018-03-15T11:38:46+00:00\",\"dateModified\":\"2020-06-11T07:48:08+00:00\",\"breadcrumb\":{\"@id\":\"http:\/\/blog.1910-museum.de\/fcstpauli-visuell\/sonderfuehrung\/#breadcrumb\"},\"inLanguage\":\"de\",\"potentialAction\":[{\"@type\":\"ReadAction\",\"target\":[\"http:\/\/blog.1910-museum.de\/fcstpauli-visuell\/sonderfuehrung\/\"]}]},{\"@type\":\"ImageObject\",\"inLanguage\":\"de\",\"@id\":\"http:\/\/blog.1910-museum.de\/fcstpauli-visuell\/sonderfuehrung\/#primaryimage\",\"url\":\"http:\/\/blog.1910-museum.de\/fcstpauli-visuell\/wp-content\/uploads\/sites\/15\/rasen.jpg\",\"contentUrl\":\"http:\/\/blog.1910-museum.de\/fcstpauli-visuell\/wp-content\/uploads\/sites\/15\/rasen.jpg\",\"width\":900,\"height\":599},{\"@type\":\"BreadcrumbList\",\"@id\":\"http:\/\/blog.1910-museum.de\/fcstpauli-visuell\/sonderfuehrung\/#breadcrumb\",\"itemListElement\":[{\"@type\":\"ListItem\",\"position\":1,\"name\":\"Startseite\",\"item\":\"http:\/\/blog.1910-museum.de\/fcstpauli-visuell\/\"},{\"@type\":\"ListItem\",\"position\":2,\"name\":\"Sonderf\u00fchrung\"}]},{\"@type\":\"WebSite\",\"@id\":\"http:\/\/blog.1910-museum.de\/fcstpauli-visuell\/#website\",\"url\":\"http:\/\/blog.1910-museum.de\/fcstpauli-visuell\/\",\"name\":\"FC St. Pauli visuell\",\"description\":\"Fotografische Ansichtssachen vom Millerntor\",\"potentialAction\":[{\"@type\":\"SearchAction\",\"target\":{\"@type\":\"EntryPoint\",\"urlTemplate\":\"http:\/\/blog.1910-museum.de\/fcstpauli-visuell\/?s={search_term_string}\"},\"query-input\":{\"@type\":\"PropertyValueSpecification\",\"valueRequired\":true,\"valueName\":\"search_term_string\"}}],\"inLanguage\":\"de\"}]}<\/script>\n<!-- \/ Yoast SEO plugin. -->","yoast_head_json":{"title":"Sonderf\u00fchrung - FC St. Pauli visuell","robots":{"index":"index","follow":"follow","max-snippet":"max-snippet:-1","max-image-preview":"max-image-preview:large","max-video-preview":"max-video-preview:-1"},"canonical":"http:\/\/blog.1910-museum.de\/fcstpauli-visuell\/sonderfuehrung\/","og_locale":"de_DE","og_type":"article","og_title":"Sonderf\u00fchrung - FC St. Pauli visuell","og_description":"Sonderf\u00fchrung zur Ausstellung Durch Ausstellung und Stadion f\u00fchrt Fotojournalist Peter Boehmer (boehmer.pixpasites.com), der mit seinen Bildern an der Ausstellung teilnimmt und in diesem Rahmen auch wesentliche kuratorische Aufgaben \u00fcbernommen hat. [&hellip;]","og_url":"http:\/\/blog.1910-museum.de\/fcstpauli-visuell\/sonderfuehrung\/","og_site_name":"FC St. Pauli visuell","article_modified_time":"2020-06-11T07:48:08+00:00","og_image":[{"url":"http:\/\/blog.1910-museum.de\/fcstpauli-visuell\/wp-content\/uploads\/sites\/15\/rasen.jpg","type":"","width":"","height":""}],"twitter_card":"summary_large_image","twitter_misc":{"Gesch\u00e4tzte Lesezeit":"1\u00a0Minute"},"schema":{"@context":"https:\/\/schema.org","@graph":[{"@type":"WebPage","@id":"http:\/\/blog.1910-museum.de\/fcstpauli-visuell\/sonderfuehrung\/","url":"http:\/\/blog.1910-museum.de\/fcstpauli-visuell\/sonderfuehrung\/","name":"Sonderf\u00fchrung - FC St. Pauli visuell","isPartOf":{"@id":"http:\/\/blog.1910-museum.de\/fcstpauli-visuell\/#website"},"primaryImageOfPage":{"@id":"http:\/\/blog.1910-museum.de\/fcstpauli-visuell\/sonderfuehrung\/#primaryimage"},"image":{"@id":"http:\/\/blog.1910-museum.de\/fcstpauli-visuell\/sonderfuehrung\/#primaryimage"},"thumbnailUrl":"http:\/\/blog.1910-museum.de\/fcstpauli-visuell\/wp-content\/uploads\/sites\/15\/rasen.jpg","datePublished":"2018-03-15T11:38:46+00:00","dateModified":"2020-06-11T07:48:08+00:00","breadcrumb":{"@id":"http:\/\/blog.1910-museum.de\/fcstpauli-visuell\/sonderfuehrung\/#breadcrumb"},"inLanguage":"de","potentialAction":[{"@type":"ReadAction","target":["http:\/\/blog.1910-museum.de\/fcstpauli-visuell\/sonderfuehrung\/"]}]},{"@type":"ImageObject","inLanguage":"de","@id":"http:\/\/blog.1910-museum.de\/fcstpauli-visuell\/sonderfuehrung\/#primaryimage","url":"http:\/\/blog.1910-museum.de\/fcstpauli-visuell\/wp-content\/uploads\/sites\/15\/rasen.jpg","contentUrl":"http:\/\/blog.1910-museum.de\/fcstpauli-visuell\/wp-content\/uploads\/sites\/15\/rasen.jpg","width":900,"height":599},{"@type":"BreadcrumbList","@id":"http:\/\/blog.1910-museum.de\/fcstpauli-visuell\/sonderfuehrung\/#breadcrumb","itemListElement":[{"@type":"ListItem","position":1,"name":"Startseite","item":"http:\/\/blog.1910-museum.de\/fcstpauli-visuell\/"},{"@type":"ListItem","position":2,"name":"Sonderf\u00fchrung"}]},{"@type":"WebSite","@id":"http:\/\/blog.1910-museum.de\/fcstpauli-visuell\/#website","url":"http:\/\/blog.1910-museum.de\/fcstpauli-visuell\/","name":"FC St. Pauli visuell","description":"Fotografische Ansichtssachen vom Millerntor","potentialAction":[{"@type":"SearchAction","target":{"@type":"EntryPoint","urlTemplate":"http:\/\/blog.1910-museum.de\/fcstpauli-visuell\/?s={search_term_string}"},"query-input":{"@type":"PropertyValueSpecification","valueRequired":true,"valueName":"search_term_string"}}],"inLanguage":"de"}]}},"_links":{"self":[{"href":"http:\/\/www.fcstpauli-visuell.de\/fcstpauli-visuell\/wp-json\/wp\/v2\/pages\/334","targetHints":{"allow":["GET"]}}],"collection":[{"href":"http:\/\/www.fcstpauli-visuell.de\/fcstpauli-visuell\/wp-json\/wp\/v2\/pages"}],"about":[{"href":"http:\/\/www.fcstpauli-visuell.de\/fcstpauli-visuell\/wp-json\/wp\/v2\/types\/page"}],"author":[{"embeddable":true,"href":"http:\/\/www.fcstpauli-visuell.de\/fcstpauli-visuell\/wp-json\/wp\/v2\/users\/18"}],"replies":[{"embeddable":true,"href":"http:\/\/www.fcstpauli-visuell.de\/fcstpauli-visuell\/wp-json\/wp\/v2\/comments?post=334"}],"version-history":[{"count":13,"href":"http:\/\/www.fcstpauli-visuell.de\/fcstpauli-visuell\/wp-json\/wp\/v2\/pages\/334\/revisions"}],"predecessor-version":[{"id":363,"href":"http:\/\/www.fcstpauli-visuell.de\/fcstpauli-visuell\/wp-json\/wp\/v2\/pages\/334\/revisions\/363"}],"wp:attachment":[{"href":"http:\/\/www.fcstpauli-visuell.de\/fcstpauli-visuell\/wp-json\/wp\/v2\/media?parent=334"}],"curies":[{"name":"wp","href":"https:\/\/api.w.org\/{rel}","templated":true}]}}

Sonderführung

<!--themify_builder_content-->
<div id="themify_builder_content-334" data-postid="334" class="themify_builder_content themify_builder_content-334 themify_builder tf_clear">
                    <div  data-lazy="1" class="module_row themify_builder_row tb_r9mo572 tb_first tf_w">
                        <div class="row_inner col_align_top tb_col_count_2 tf_box tf_rel">
                        <div  data-lazy="1" class="module_column tb-column col4-2 tb_vjz8590 first">
                    <!-- module plain text -->
<div  class="module module-plain-text tb_qwbn000 " data-lazy="1">
        <div class="tb_text_wrap">
    Sonderführung zur Ausstellung    </div>
</div>
<!-- /module plain text --><!-- module text -->
<div  class="module module-text tb_d0lh660  repeat " data-lazy="1">
        <div  class="tb_text_wrap">
        <h5>Durch Ausstellung und Stadion führt Fotojournalist Peter Boehmer (boehmer.pixpasites.com), der mit seinen Bildern an der Ausstellung teilnimmt und in diesem Rahmen auch wesentliche kuratorische Aufgaben übernommen hat. Boehmer begleitet den FC St. Pauli nicht nur beruflich als professioneller Sportfotograf, er ist dem Verein auch seit Jahrzehnten als Fan verbunden.<br />Somit bietet die Führung über Historie, Fakten und Anekdoten zum Millerntor-Stadion und dem FC St. Pauli hinaus, auch einen tieferen Blick in die fotografische Umsetzung der Geschehnisse auf dem Platz und den Rängen. Die Tour ermöglicht ebenso Einblicke in die Arbeit professioneller Sportfotografen beim FC St. Pauli, wie auch allgemein in die Pressearbeit bei einem Bundesligaverein.</h5>
<h5>Teilnahme: Karten gibt es an den Kartenschaltern der Südtribüne, online unter <a href="https://www.eventimsports.de/ols/fcspsf/de/sof/channel/shop/index" target="_blank" rel="noopener">www.eventimsports.de</a>, oder direkt beim Guide. Direktlink zu Zeiten und Buchungsmöglichkeit: <a href="https://www.eventimsports.de/ols/fcspsf/de/sof/channel/shop/index" target="_blank" rel="noopener">HIER.</a></h5>
<h5>Allgemeine Informationen zur Stadionführung gibt es hier: <a href="http://www.millerntour.com/#home" target="_blank" rel="noopener">MILLERNTOUR.com</a></h5>    </div>
</div>
<!-- /module text -->        </div>
                    <div  data-lazy="1" class="module_column tb-column col4-2 tb_8iz6001 last">
                    <!-- module image -->
<div  class="module module-image tb_jiwh026 image-center   tf_mw" data-lazy="1">
        <div class="image-wrap tf_rel tf_mw">
            <img loading="lazy" decoding="async" width="900" height="599" src="http://blog.1910-museum.de/fcstpauli-visuell/wp-content/uploads/sites/15/rasen.jpg" class="wp-post-image wp-image-339" title="rasen" alt="rasen" srcset="http://blog.1910-museum.de/fcstpauli-visuell/wp-content/uploads/sites/15/rasen.jpg 900w, http://blog.1910-museum.de/fcstpauli-visuell/wp-content/uploads/sites/15/rasen-300x200.jpg 300w, http://blog.1910-museum.de/fcstpauli-visuell/wp-content/uploads/sites/15/rasen-768x511.jpg 768w" sizes="auto, (max-width: 900px) 100vw, 900px" />    
        </div>
    <!-- /image-wrap -->
    
        </div>
<!-- /module image -->        </div>
                        </div>
        </div>
        </div>
<!--/themify_builder_content-->

<p>Sonderführung zur Ausstellung Durch Ausstellung und Stadion führt Fotojournalist Peter Boehmer (boehmer.pixpasites.com), der mit seinen Bildern an der Ausstellung teilnimmt und in diesem Rahmen auch wesentliche kuratorische Aufgaben übernommen hat. [&hellip;]</p>

<!-- This site is optimized with the Yoast SEO plugin v26.6 - https://yoast.com/wordpress/plugins/seo/ -->
<title>Sonderführung - FC St. Pauli visuell</title>
<meta name="robots" content="index, follow, max-snippet:-1, max-image-preview:large, max-video-preview:-1" />
<link rel="canonical" href="http://blog.1910-museum.de/fcstpauli-visuell/sonderfuehrung/" />
<meta property="og:locale" content="de_DE" />
<meta property="og:type" content="article" />
<meta property="og:title" content="Sonderführung - FC St. Pauli visuell" />
<meta property="og:description" content="Sonderführung zur Ausstellung Durch Ausstellung und Stadion führt Fotojournalist Peter Boehmer (boehmer.pixpasites.com), der mit seinen Bildern an der Ausstellung teilnimmt und in diesem Rahmen auch wesentliche kuratorische Aufgaben übernommen hat. [&hellip;]" />
<meta property="og:url" content="http://blog.1910-museum.de/fcstpauli-visuell/sonderfuehrung/" />
<meta property="og:site_name" content="FC St. Pauli visuell" />
<meta property="article:modified_time" content="2020-06-11T07:48:08+00:00" />
<meta property="og:image" content="http://blog.1910-museum.de/fcstpauli-visuell/wp-content/uploads/sites/15/rasen.jpg" />
<meta name="twitter:card" content="summary_large_image" />
<meta name="twitter:label1" content="Geschätzte Lesezeit" />
	<meta name="twitter:data1" content="1 Minute" />
<script type="application/ld+json" class="yoast-schema-graph">{"@context":"https://schema.org","@graph":[{"@type":"WebPage","@id":"http://blog.1910-museum.de/fcstpauli-visuell/sonderfuehrung/","url":"http://blog.1910-museum.de/fcstpauli-visuell/sonderfuehrung/","name":"Sonderführung - FC St. Pauli visuell","isPartOf":{"@id":"http://blog.1910-museum.de/fcstpauli-visuell/#website"},"primaryImageOfPage":{"@id":"http://blog.1910-museum.de/fcstpauli-visuell/sonderfuehrung/#primaryimage"},"image":{"@id":"http://blog.1910-museum.de/fcstpauli-visuell/sonderfuehrung/#primaryimage"},"thumbnailUrl":"http://blog.1910-museum.de/fcstpauli-visuell/wp-content/uploads/sites/15/rasen.jpg","datePublished":"2018-03-15T11:38:46+00:00","dateModified":"2020-06-11T07:48:08+00:00","breadcrumb":{"@id":"http://blog.1910-museum.de/fcstpauli-visuell/sonderfuehrung/#breadcrumb"},"inLanguage":"de","potentialAction":[{"@type":"ReadAction","target":["http://blog.1910-museum.de/fcstpauli-visuell/sonderfuehrung/"]}]},{"@type":"ImageObject","inLanguage":"de","@id":"http://blog.1910-museum.de/fcstpauli-visuell/sonderfuehrung/#primaryimage","url":"http://blog.1910-museum.de/fcstpauli-visuell/wp-content/uploads/sites/15/rasen.jpg","contentUrl":"http://blog.1910-museum.de/fcstpauli-visuell/wp-content/uploads/sites/15/rasen.jpg","width":900,"height":599},{"@type":"BreadcrumbList","@id":"http://blog.1910-museum.de/fcstpauli-visuell/sonderfuehrung/#breadcrumb","itemListElement":[{"@type":"ListItem","position":1,"name":"Startseite","item":"http://blog.1910-museum.de/fcstpauli-visuell/"},{"@type":"ListItem","position":2,"name":"Sonderführung"}]},{"@type":"WebSite","@id":"http://blog.1910-museum.de/fcstpauli-visuell/#website","url":"http://blog.1910-museum.de/fcstpauli-visuell/","name":"FC St. Pauli visuell","description":"Fotografische Ansichtssachen vom Millerntor","potentialAction":[{"@type":"SearchAction","target":{"@type":"EntryPoint","urlTemplate":"http://blog.1910-museum.de/fcstpauli-visuell/?s={search_term_string}"},"query-input":{"@type":"PropertyValueSpecification","valueRequired":true,"valueName":"search_term_string"}}],"inLanguage":"de"}]}</script>
<!-- / Yoast SEO plugin. -->

Sonderführung - FC St. Pauli visuell

Sonderführung zur Ausstellung Durch Ausstellung und Stadion führt Fotojournalist Peter Boehmer (boehmer.pixpasites.com), der mit seinen Bildern an der Ausstellung teilnimmt und in diesem Rahmen auch wesentliche kuratorische Aufgaben übernommen hat. [&hellip;]
