{"id":114,"date":"2018-03-12T18:42:56","date_gmt":"2018-03-12T17:42:56","guid":{"rendered":"http:\/\/www.fcstpauli-visuell.de\/?page_id=114"},"modified":"2020-06-10T21:16:05","modified_gmt":"2020-06-10T19:16:05","slug":"peter-boehmer","status":"publish","type":"page","link":"http:\/\/blog.1910-museum.de\/fcstpauli-visuell\/peter-boehmer\/","title":{"rendered":"Peter Boehmer"},"content":{"rendered":"<!--themify_builder_content-->\n<div id=\"themify_builder_content-114\" data-postid=\"114\" class=\"themify_builder_content themify_builder_content-114 themify_builder tf_clear\">\n                    <div  data-lazy=\"1\" class=\"module_row themify_builder_row tb_bstr447 tb_first tf_w\">\n                        <div class=\"row_inner col_align_top tb_col_count_2 tf_box tf_rel\">\n                        <div  data-lazy=\"1\" class=\"module_column tb-column col4-2 tb_e30t600 first\">\n                            <div  data-lazy=\"1\" class=\"module_subrow themify_builder_sub_row tf_w col_align_top tb_col_count_2 tb_lfrn494\">\n                <div  data-lazy=\"1\" class=\"module_column sub_column col4-2 tb_4op7048 first\">\n                    <!-- module image -->\n<div  class=\"module module-image tb_2jws449 image-left   tf_mw\" data-lazy=\"1\">\n        <div class=\"image-wrap tf_rel tf_mw\">\n            <img loading=\"lazy\" decoding=\"async\" src=\"http:\/\/blog.1910-museum.de\/fcstpauli-visuell\/wp-content\/uploads\/sites\/15\/peterboehmer_profilfoto-200x129.jpg\" width=\"200\" height=\"129\" class=\"wp-post-image wp-image-30\" title=\"peterboehmer_profilfoto\" alt=\"peterboehmer_profilfoto\" srcset=\"http:\/\/blog.1910-museum.de\/fcstpauli-visuell\/wp-content\/uploads\/sites\/15\/peterboehmer_profilfoto-200x129.jpg 200w, http:\/\/blog.1910-museum.de\/fcstpauli-visuell\/wp-content\/uploads\/sites\/15\/peterboehmer_profilfoto-300x194.jpg 300w, http:\/\/blog.1910-museum.de\/fcstpauli-visuell\/wp-content\/uploads\/sites\/15\/peterboehmer_profilfoto.jpg 400w\" sizes=\"auto, (max-width: 200px) 100vw, 200px\" \/>    \n        <\/div>\n    <!-- \/image-wrap -->\n    \n        <\/div>\n<!-- \/module image -->        <\/div>\n                    <div  data-lazy=\"1\" class=\"module_column sub_column col4-2 tb_qume027 last\">\n                    <!-- module plain text -->\n<div  class=\"module module-plain-text tb_7mfe409 \" data-lazy=\"1\">\n        <div class=\"tb_text_wrap\">\n    Peter Boehmer    <\/div>\n<\/div>\n<!-- \/module plain text --><!-- module text -->\n<div  class=\"module module-text tb_hgai797  repeat \" data-lazy=\"1\">\n        <div  class=\"tb_text_wrap\">\n        <p><a href=\"http:\/\/boehmer.pixpasites.com\/\" target=\"_blank\" rel=\"noopener\"><strong>boehmer-fotografie.de<\/strong><\/a><\/p>    <\/div>\n<\/div>\n<!-- \/module text -->        <\/div>\n                    <\/div>\n        <!-- module text -->\n<div  class=\"module module-text tb_bcog007  repeat \" data-lazy=\"1\">\n        <div  class=\"tb_text_wrap\">\n        <p>Ich lebe und arbeite als freier Fotojournalist in Hamburg.<\/p>\n<p>Seit \u00fcber zehn Jahren verfolge ich die Geschehnisse rund um den FC St. Pauli intensiv als Mitglied und Fan. In den letzten Jahren haupts\u00e4chlich als Fotograf bei allen Heim- und Ausw\u00e4rtsspielen im Stadioninnenraum, unter der Woche beim Training an der Kollaustra\u00dfe, auf Reisen in die Trainingslager und als offizieller Fotograf der FC St. Pauli Fu\u00dfballschule \u2013 Rabauken.<\/p>\n<p>Mit meinen Bildern m\u00f6chte ich untypische Einblicke in eine Profimannschaft im modernen Fu\u00dfball zeigen und die gro\u00dfe Emotionalit\u00e4t, die mit diesem einzigartigen Verein verbunden ist, festhalten.<\/p>    <\/div>\n<\/div>\n<!-- \/module text -->        <\/div>\n                    <div  data-lazy=\"1\" class=\"module_column tb-column col4-2 tb_3jof054 last\">\n                    <!-- module image -->\n<div  class=\"module module-image tb_4cyu705 image-center   tf_mw\" data-lazy=\"1\">\n        <div class=\"image-wrap tf_rel tf_mw\">\n            <img loading=\"lazy\" decoding=\"async\" width=\"1600\" height=\"1067\" src=\"http:\/\/blog.1910-museum.de\/fcstpauli-visuell\/wp-content\/uploads\/sites\/15\/PB_fcsptraining11012018_0082_30x20.jpg\" class=\"wp-post-image wp-image-119\" title=\"PB_fcsptraining11012018_0082_30x20\" alt=\"PB_fcsptraining11012018_0082_30x20\" srcset=\"http:\/\/blog.1910-museum.de\/fcstpauli-visuell\/wp-content\/uploads\/sites\/15\/PB_fcsptraining11012018_0082_30x20.jpg 1600w, http:\/\/blog.1910-museum.de\/fcstpauli-visuell\/wp-content\/uploads\/sites\/15\/PB_fcsptraining11012018_0082_30x20-300x200.jpg 300w, http:\/\/blog.1910-museum.de\/fcstpauli-visuell\/wp-content\/uploads\/sites\/15\/PB_fcsptraining11012018_0082_30x20-768x512.jpg 768w, http:\/\/blog.1910-museum.de\/fcstpauli-visuell\/wp-content\/uploads\/sites\/15\/PB_fcsptraining11012018_0082_30x20-1024x683.jpg 1024w\" sizes=\"auto, (max-width: 1600px) 100vw, 1600px\" \/>    \n        <\/div>\n    <!-- \/image-wrap -->\n    \n        <\/div>\n<!-- \/module image -->        <\/div>\n                        <\/div>\n        <\/div>\n        <\/div>\n<!--\/themify_builder_content-->","protected":false},"excerpt":{"rendered":"<p>Peter Boehmer boehmer-fotografie.de Ich lebe und arbeite als freier Fotojournalist in Hamburg. Seit \u00fcber zehn Jahren verfolge ich die Geschehnisse rund um den FC St. Pauli intensiv als Mitglied und [&hellip;]<\/p>\n","protected":false},"author":18,"featured_media":0,"parent":0,"menu_order":0,"comment_status":"closed","ping_status":"closed","template":"","meta":{"_acf_changed":false,"footnotes":""},"class_list":["post-114","page","type-page","status-publish","hentry","has-post-title","has-post-date","has-post-category","has-post-tag","has-post-comment","has-post-author",""],"acf":[],"yoast_head":"<!-- This site is optimized with the Yoast SEO plugin v26.6 - https:\/\/yoast.com\/wordpress\/plugins\/seo\/ -->\n<title>Peter Boehmer - FC St. Pauli visuell<\/title>\n<meta name=\"robots\" content=\"index, follow, max-snippet:-1, max-image-preview:large, max-video-preview:-1\" \/>\n<link rel=\"canonical\" href=\"http:\/\/blog.1910-museum.de\/fcstpauli-visuell\/peter-boehmer\/\" \/>\n<meta property=\"og:locale\" content=\"de_DE\" \/>\n<meta property=\"og:type\" content=\"article\" \/>\n<meta property=\"og:title\" content=\"Peter Boehmer - FC St. Pauli visuell\" \/>\n<meta property=\"og:description\" content=\"Peter Boehmer boehmer-fotografie.de Ich lebe und arbeite als freier Fotojournalist in Hamburg. Seit \u00fcber zehn Jahren verfolge ich die Geschehnisse rund um den FC St. Pauli intensiv als Mitglied und [&hellip;]\" \/>\n<meta property=\"og:url\" content=\"http:\/\/blog.1910-museum.de\/fcstpauli-visuell\/peter-boehmer\/\" \/>\n<meta property=\"og:site_name\" content=\"FC St. Pauli visuell\" \/>\n<meta property=\"article:modified_time\" content=\"2020-06-10T19:16:05+00:00\" \/>\n<meta property=\"og:image\" content=\"http:\/\/blog.1910-museum.de\/fcstpauli-visuell\/wp-content\/uploads\/sites\/15\/peterboehmer_profilfoto-200x129.jpg\" \/>\n<meta name=\"twitter:card\" content=\"summary_large_image\" \/>\n<meta name=\"twitter:label1\" content=\"Gesch\u00e4tzte Lesezeit\" \/>\n\t<meta name=\"twitter:data1\" content=\"1\u00a0Minute\" \/>\n<script type=\"application\/ld+json\" class=\"yoast-schema-graph\">{\"@context\":\"https:\/\/schema.org\",\"@graph\":[{\"@type\":\"WebPage\",\"@id\":\"http:\/\/blog.1910-museum.de\/fcstpauli-visuell\/peter-boehmer\/\",\"url\":\"http:\/\/blog.1910-museum.de\/fcstpauli-visuell\/peter-boehmer\/\",\"name\":\"Peter Boehmer - FC St. Pauli visuell\",\"isPartOf\":{\"@id\":\"http:\/\/blog.1910-museum.de\/fcstpauli-visuell\/#website\"},\"primaryImageOfPage\":{\"@id\":\"http:\/\/blog.1910-museum.de\/fcstpauli-visuell\/peter-boehmer\/#primaryimage\"},\"image\":{\"@id\":\"http:\/\/blog.1910-museum.de\/fcstpauli-visuell\/peter-boehmer\/#primaryimage\"},\"thumbnailUrl\":\"http:\/\/blog.1910-museum.de\/fcstpauli-visuell\/wp-content\/uploads\/sites\/15\/peterboehmer_profilfoto-200x129.jpg\",\"datePublished\":\"2018-03-12T17:42:56+00:00\",\"dateModified\":\"2020-06-10T19:16:05+00:00\",\"breadcrumb\":{\"@id\":\"http:\/\/blog.1910-museum.de\/fcstpauli-visuell\/peter-boehmer\/#breadcrumb\"},\"inLanguage\":\"de\",\"potentialAction\":[{\"@type\":\"ReadAction\",\"target\":[\"http:\/\/blog.1910-museum.de\/fcstpauli-visuell\/peter-boehmer\/\"]}]},{\"@type\":\"ImageObject\",\"inLanguage\":\"de\",\"@id\":\"http:\/\/blog.1910-museum.de\/fcstpauli-visuell\/peter-boehmer\/#primaryimage\",\"url\":\"http:\/\/blog.1910-museum.de\/fcstpauli-visuell\/wp-content\/uploads\/sites\/15\/peterboehmer_profilfoto.jpg\",\"contentUrl\":\"http:\/\/blog.1910-museum.de\/fcstpauli-visuell\/wp-content\/uploads\/sites\/15\/peterboehmer_profilfoto.jpg\",\"width\":400,\"height\":258},{\"@type\":\"BreadcrumbList\",\"@id\":\"http:\/\/blog.1910-museum.de\/fcstpauli-visuell\/peter-boehmer\/#breadcrumb\",\"itemListElement\":[{\"@type\":\"ListItem\",\"position\":1,\"name\":\"Startseite\",\"item\":\"http:\/\/blog.1910-museum.de\/fcstpauli-visuell\/\"},{\"@type\":\"ListItem\",\"position\":2,\"name\":\"Peter Boehmer\"}]},{\"@type\":\"WebSite\",\"@id\":\"http:\/\/blog.1910-museum.de\/fcstpauli-visuell\/#website\",\"url\":\"http:\/\/blog.1910-museum.de\/fcstpauli-visuell\/\",\"name\":\"FC St. Pauli visuell\",\"description\":\"Fotografische Ansichtssachen vom Millerntor\",\"potentialAction\":[{\"@type\":\"SearchAction\",\"target\":{\"@type\":\"EntryPoint\",\"urlTemplate\":\"http:\/\/blog.1910-museum.de\/fcstpauli-visuell\/?s={search_term_string}\"},\"query-input\":{\"@type\":\"PropertyValueSpecification\",\"valueRequired\":true,\"valueName\":\"search_term_string\"}}],\"inLanguage\":\"de\"}]}<\/script>\n<!-- \/ Yoast SEO plugin. -->","yoast_head_json":{"title":"Peter Boehmer - FC St. Pauli visuell","robots":{"index":"index","follow":"follow","max-snippet":"max-snippet:-1","max-image-preview":"max-image-preview:large","max-video-preview":"max-video-preview:-1"},"canonical":"http:\/\/blog.1910-museum.de\/fcstpauli-visuell\/peter-boehmer\/","og_locale":"de_DE","og_type":"article","og_title":"Peter Boehmer - FC St. Pauli visuell","og_description":"Peter Boehmer boehmer-fotografie.de Ich lebe und arbeite als freier Fotojournalist in Hamburg. Seit \u00fcber zehn Jahren verfolge ich die Geschehnisse rund um den FC St. Pauli intensiv als Mitglied und [&hellip;]","og_url":"http:\/\/blog.1910-museum.de\/fcstpauli-visuell\/peter-boehmer\/","og_site_name":"FC St. Pauli visuell","article_modified_time":"2020-06-10T19:16:05+00:00","og_image":[{"url":"http:\/\/blog.1910-museum.de\/fcstpauli-visuell\/wp-content\/uploads\/sites\/15\/peterboehmer_profilfoto-200x129.jpg","type":"","width":"","height":""}],"twitter_card":"summary_large_image","twitter_misc":{"Gesch\u00e4tzte Lesezeit":"1\u00a0Minute"},"schema":{"@context":"https:\/\/schema.org","@graph":[{"@type":"WebPage","@id":"http:\/\/blog.1910-museum.de\/fcstpauli-visuell\/peter-boehmer\/","url":"http:\/\/blog.1910-museum.de\/fcstpauli-visuell\/peter-boehmer\/","name":"Peter Boehmer - FC St. Pauli visuell","isPartOf":{"@id":"http:\/\/blog.1910-museum.de\/fcstpauli-visuell\/#website"},"primaryImageOfPage":{"@id":"http:\/\/blog.1910-museum.de\/fcstpauli-visuell\/peter-boehmer\/#primaryimage"},"image":{"@id":"http:\/\/blog.1910-museum.de\/fcstpauli-visuell\/peter-boehmer\/#primaryimage"},"thumbnailUrl":"http:\/\/blog.1910-museum.de\/fcstpauli-visuell\/wp-content\/uploads\/sites\/15\/peterboehmer_profilfoto-200x129.jpg","datePublished":"2018-03-12T17:42:56+00:00","dateModified":"2020-06-10T19:16:05+00:00","breadcrumb":{"@id":"http:\/\/blog.1910-museum.de\/fcstpauli-visuell\/peter-boehmer\/#breadcrumb"},"inLanguage":"de","potentialAction":[{"@type":"ReadAction","target":["http:\/\/blog.1910-museum.de\/fcstpauli-visuell\/peter-boehmer\/"]}]},{"@type":"ImageObject","inLanguage":"de","@id":"http:\/\/blog.1910-museum.de\/fcstpauli-visuell\/peter-boehmer\/#primaryimage","url":"http:\/\/blog.1910-museum.de\/fcstpauli-visuell\/wp-content\/uploads\/sites\/15\/peterboehmer_profilfoto.jpg","contentUrl":"http:\/\/blog.1910-museum.de\/fcstpauli-visuell\/wp-content\/uploads\/sites\/15\/peterboehmer_profilfoto.jpg","width":400,"height":258},{"@type":"BreadcrumbList","@id":"http:\/\/blog.1910-museum.de\/fcstpauli-visuell\/peter-boehmer\/#breadcrumb","itemListElement":[{"@type":"ListItem","position":1,"name":"Startseite","item":"http:\/\/blog.1910-museum.de\/fcstpauli-visuell\/"},{"@type":"ListItem","position":2,"name":"Peter Boehmer"}]},{"@type":"WebSite","@id":"http:\/\/blog.1910-museum.de\/fcstpauli-visuell\/#website","url":"http:\/\/blog.1910-museum.de\/fcstpauli-visuell\/","name":"FC St. Pauli visuell","description":"Fotografische Ansichtssachen vom Millerntor","potentialAction":[{"@type":"SearchAction","target":{"@type":"EntryPoint","urlTemplate":"http:\/\/blog.1910-museum.de\/fcstpauli-visuell\/?s={search_term_string}"},"query-input":{"@type":"PropertyValueSpecification","valueRequired":true,"valueName":"search_term_string"}}],"inLanguage":"de"}]}},"_links":{"self":[{"href":"http:\/\/www.fcstpauli-visuell.de\/fcstpauli-visuell\/wp-json\/wp\/v2\/pages\/114","targetHints":{"allow":["GET"]}}],"collection":[{"href":"http:\/\/www.fcstpauli-visuell.de\/fcstpauli-visuell\/wp-json\/wp\/v2\/pages"}],"about":[{"href":"http:\/\/www.fcstpauli-visuell.de\/fcstpauli-visuell\/wp-json\/wp\/v2\/types\/page"}],"author":[{"embeddable":true,"href":"http:\/\/www.fcstpauli-visuell.de\/fcstpauli-visuell\/wp-json\/wp\/v2\/users\/18"}],"replies":[{"embeddable":true,"href":"http:\/\/www.fcstpauli-visuell.de\/fcstpauli-visuell\/wp-json\/wp\/v2\/comments?post=114"}],"version-history":[{"count":10,"href":"http:\/\/www.fcstpauli-visuell.de\/fcstpauli-visuell\/wp-json\/wp\/v2\/pages\/114\/revisions"}],"predecessor-version":[{"id":380,"href":"http:\/\/www.fcstpauli-visuell.de\/fcstpauli-visuell\/wp-json\/wp\/v2\/pages\/114\/revisions\/380"}],"wp:attachment":[{"href":"http:\/\/www.fcstpauli-visuell.de\/fcstpauli-visuell\/wp-json\/wp\/v2\/media?parent=114"}],"curies":[{"name":"wp","href":"https:\/\/api.w.org\/{rel}","templated":true}]}}

<!--themify_builder_content-->
<div id="themify_builder_content-114" data-postid="114" class="themify_builder_content themify_builder_content-114 themify_builder tf_clear">
                    <div  data-lazy="1" class="module_row themify_builder_row tb_bstr447 tb_first tf_w">
                        <div class="row_inner col_align_top tb_col_count_2 tf_box tf_rel">
                        <div  data-lazy="1" class="module_column tb-column col4-2 tb_e30t600 first">
                            <div  data-lazy="1" class="module_subrow themify_builder_sub_row tf_w col_align_top tb_col_count_2 tb_lfrn494">
                <div  data-lazy="1" class="module_column sub_column col4-2 tb_4op7048 first">
                    <!-- module image -->
<div  class="module module-image tb_2jws449 image-left   tf_mw" data-lazy="1">
        <div class="image-wrap tf_rel tf_mw">
            <img loading="lazy" decoding="async" src="http://blog.1910-museum.de/fcstpauli-visuell/wp-content/uploads/sites/15/peterboehmer_profilfoto-200x129.jpg" width="200" height="129" class="wp-post-image wp-image-30" title="peterboehmer_profilfoto" alt="peterboehmer_profilfoto" srcset="http://blog.1910-museum.de/fcstpauli-visuell/wp-content/uploads/sites/15/peterboehmer_profilfoto-200x129.jpg 200w, http://blog.1910-museum.de/fcstpauli-visuell/wp-content/uploads/sites/15/peterboehmer_profilfoto-300x194.jpg 300w, http://blog.1910-museum.de/fcstpauli-visuell/wp-content/uploads/sites/15/peterboehmer_profilfoto.jpg 400w" sizes="auto, (max-width: 200px) 100vw, 200px" />    
        </div>
    <!-- /image-wrap -->
    
        </div>
<!-- /module image -->        </div>
                    <div  data-lazy="1" class="module_column sub_column col4-2 tb_qume027 last">
                    <!-- module plain text -->
<div  class="module module-plain-text tb_7mfe409 " data-lazy="1">
        <div class="tb_text_wrap">
    Peter Boehmer    </div>
</div>
<!-- /module plain text --><!-- module text -->
<div  class="module module-text tb_hgai797  repeat " data-lazy="1">
        <div  class="tb_text_wrap">
        <p><a href="http://boehmer.pixpasites.com/" target="_blank" rel="noopener"><strong>boehmer-fotografie.de</strong></a></p>    </div>
</div>
<!-- /module text -->        </div>
                    </div>
        <!-- module text -->
<div  class="module module-text tb_bcog007  repeat " data-lazy="1">
        <div  class="tb_text_wrap">
        <p>Ich lebe und arbeite als freier Fotojournalist in Hamburg.</p>
<p>Seit über zehn Jahren verfolge ich die Geschehnisse rund um den FC St. Pauli intensiv als Mitglied und Fan. In den letzten Jahren hauptsächlich als Fotograf bei allen Heim- und Auswärtsspielen im Stadioninnenraum, unter der Woche beim Training an der Kollaustraße, auf Reisen in die Trainingslager und als offizieller Fotograf der FC St. Pauli Fußballschule – Rabauken.</p>
<p>Mit meinen Bildern möchte ich untypische Einblicke in eine Profimannschaft im modernen Fußball zeigen und die große Emotionalität, die mit diesem einzigartigen Verein verbunden ist, festhalten.</p>    </div>
</div>
<!-- /module text -->        </div>
                    <div  data-lazy="1" class="module_column tb-column col4-2 tb_3jof054 last">
                    <!-- module image -->
<div  class="module module-image tb_4cyu705 image-center   tf_mw" data-lazy="1">
        <div class="image-wrap tf_rel tf_mw">
            <img loading="lazy" decoding="async" width="1600" height="1067" src="http://blog.1910-museum.de/fcstpauli-visuell/wp-content/uploads/sites/15/PB_fcsptraining11012018_0082_30x20.jpg" class="wp-post-image wp-image-119" title="PB_fcsptraining11012018_0082_30x20" alt="PB_fcsptraining11012018_0082_30x20" srcset="http://blog.1910-museum.de/fcstpauli-visuell/wp-content/uploads/sites/15/PB_fcsptraining11012018_0082_30x20.jpg 1600w, http://blog.1910-museum.de/fcstpauli-visuell/wp-content/uploads/sites/15/PB_fcsptraining11012018_0082_30x20-300x200.jpg 300w, http://blog.1910-museum.de/fcstpauli-visuell/wp-content/uploads/sites/15/PB_fcsptraining11012018_0082_30x20-768x512.jpg 768w, http://blog.1910-museum.de/fcstpauli-visuell/wp-content/uploads/sites/15/PB_fcsptraining11012018_0082_30x20-1024x683.jpg 1024w" sizes="auto, (max-width: 1600px) 100vw, 1600px" />    
        </div>
    <!-- /image-wrap -->
    
        </div>
<!-- /module image -->        </div>
                        </div>
        </div>
        </div>
<!--/themify_builder_content-->

<p>Peter Boehmer boehmer-fotografie.de Ich lebe und arbeite als freier Fotojournalist in Hamburg. Seit über zehn Jahren verfolge ich die Geschehnisse rund um den FC St. Pauli intensiv als Mitglied und [&hellip;]</p>

<!-- This site is optimized with the Yoast SEO plugin v26.6 - https://yoast.com/wordpress/plugins/seo/ -->
<title>Peter Boehmer - FC St. Pauli visuell</title>
<meta name="robots" content="index, follow, max-snippet:-1, max-image-preview:large, max-video-preview:-1" />
<link rel="canonical" href="http://blog.1910-museum.de/fcstpauli-visuell/peter-boehmer/" />
<meta property="og:locale" content="de_DE" />
<meta property="og:type" content="article" />
<meta property="og:title" content="Peter Boehmer - FC St. Pauli visuell" />
<meta property="og:description" content="Peter Boehmer boehmer-fotografie.de Ich lebe und arbeite als freier Fotojournalist in Hamburg. Seit über zehn Jahren verfolge ich die Geschehnisse rund um den FC St. Pauli intensiv als Mitglied und [&hellip;]" />
<meta property="og:url" content="http://blog.1910-museum.de/fcstpauli-visuell/peter-boehmer/" />
<meta property="og:site_name" content="FC St. Pauli visuell" />
<meta property="article:modified_time" content="2020-06-10T19:16:05+00:00" />
<meta property="og:image" content="http://blog.1910-museum.de/fcstpauli-visuell/wp-content/uploads/sites/15/peterboehmer_profilfoto-200x129.jpg" />
<meta name="twitter:card" content="summary_large_image" />
<meta name="twitter:label1" content="Geschätzte Lesezeit" />
	<meta name="twitter:data1" content="1 Minute" />
<script type="application/ld+json" class="yoast-schema-graph">{"@context":"https://schema.org","@graph":[{"@type":"WebPage","@id":"http://blog.1910-museum.de/fcstpauli-visuell/peter-boehmer/","url":"http://blog.1910-museum.de/fcstpauli-visuell/peter-boehmer/","name":"Peter Boehmer - FC St. Pauli visuell","isPartOf":{"@id":"http://blog.1910-museum.de/fcstpauli-visuell/#website"},"primaryImageOfPage":{"@id":"http://blog.1910-museum.de/fcstpauli-visuell/peter-boehmer/#primaryimage"},"image":{"@id":"http://blog.1910-museum.de/fcstpauli-visuell/peter-boehmer/#primaryimage"},"thumbnailUrl":"http://blog.1910-museum.de/fcstpauli-visuell/wp-content/uploads/sites/15/peterboehmer_profilfoto-200x129.jpg","datePublished":"2018-03-12T17:42:56+00:00","dateModified":"2020-06-10T19:16:05+00:00","breadcrumb":{"@id":"http://blog.1910-museum.de/fcstpauli-visuell/peter-boehmer/#breadcrumb"},"inLanguage":"de","potentialAction":[{"@type":"ReadAction","target":["http://blog.1910-museum.de/fcstpauli-visuell/peter-boehmer/"]}]},{"@type":"ImageObject","inLanguage":"de","@id":"http://blog.1910-museum.de/fcstpauli-visuell/peter-boehmer/#primaryimage","url":"http://blog.1910-museum.de/fcstpauli-visuell/wp-content/uploads/sites/15/peterboehmer_profilfoto.jpg","contentUrl":"http://blog.1910-museum.de/fcstpauli-visuell/wp-content/uploads/sites/15/peterboehmer_profilfoto.jpg","width":400,"height":258},{"@type":"BreadcrumbList","@id":"http://blog.1910-museum.de/fcstpauli-visuell/peter-boehmer/#breadcrumb","itemListElement":[{"@type":"ListItem","position":1,"name":"Startseite","item":"http://blog.1910-museum.de/fcstpauli-visuell/"},{"@type":"ListItem","position":2,"name":"Peter Boehmer"}]},{"@type":"WebSite","@id":"http://blog.1910-museum.de/fcstpauli-visuell/#website","url":"http://blog.1910-museum.de/fcstpauli-visuell/","name":"FC St. Pauli visuell","description":"Fotografische Ansichtssachen vom Millerntor","potentialAction":[{"@type":"SearchAction","target":{"@type":"EntryPoint","urlTemplate":"http://blog.1910-museum.de/fcstpauli-visuell/?s={search_term_string}"},"query-input":{"@type":"PropertyValueSpecification","valueRequired":true,"valueName":"search_term_string"}}],"inLanguage":"de"}]}</script>
<!-- / Yoast SEO plugin. -->

Peter Boehmer boehmer-fotografie.de Ich lebe und arbeite als freier Fotojournalist in Hamburg. Seit über zehn Jahren verfolge ich die Geschehnisse rund um den FC St. Pauli intensiv als Mitglied und [&hellip;]
