{"id":107,"date":"2018-03-12T18:37:18","date_gmt":"2018-03-12T17:37:18","guid":{"rendered":"http:\/\/www.fcstpauli-visuell.de\/?page_id=107"},"modified":"2020-06-10T21:15:27","modified_gmt":"2020-06-10T19:15:27","slug":"ariane-gramelspacher","status":"publish","type":"page","link":"http:\/\/blog.1910-museum.de\/fcstpauli-visuell\/ariane-gramelspacher\/","title":{"rendered":"Ariane Gramelspacher"},"content":{"rendered":"<!--themify_builder_content-->\n<div id=\"themify_builder_content-107\" data-postid=\"107\" class=\"themify_builder_content themify_builder_content-107 themify_builder tf_clear\">\n                    <div  data-lazy=\"1\" class=\"module_row themify_builder_row tb_ghgd770 tb_first tf_w\">\n                        <div class=\"row_inner col_align_top tb_col_count_2 tf_box tf_rel\">\n                        <div  data-lazy=\"1\" class=\"module_column tb-column col4-2 tb_kfxn683 first\">\n                            <div  data-lazy=\"1\" class=\"module_subrow themify_builder_sub_row tf_w col_align_top tb_col_count_2 tb_719x213\">\n                <div  data-lazy=\"1\" class=\"module_column sub_column col4-2 tb_rkuy607 first\">\n                    <!-- module image -->\n<div  class=\"module module-image tb_1mt7006 image-left   tf_mw\" data-lazy=\"1\">\n        <div class=\"image-wrap tf_rel tf_mw\">\n            <img decoding=\"async\" src=\"http:\/\/blog.1910-museum.de\/fcstpauli-visuell\/wp-content\/uploads\/sites\/15\/ariane_gramelspacher\u00a9antje_frohmu?ller.jpg\" width=\"200\" title=\"Ariane Gramelspacher\" alt=\"Ariane Gramelspacher\">    \n        <\/div>\n    <!-- \/image-wrap -->\n    \n        <\/div>\n<!-- \/module image -->        <\/div>\n                    <div  data-lazy=\"1\" class=\"module_column sub_column col4-2 tb_w347631 last\">\n                    <!-- module plain text -->\n<div  class=\"module module-plain-text tb_ruzg760 \" data-lazy=\"1\">\n        <div class=\"tb_text_wrap\">\n    Ariane Gramelspacher    <\/div>\n<\/div>\n<!-- \/module plain text --><!-- module text -->\n<div  class=\"module module-text tb_zunh669  repeat \" data-lazy=\"1\">\n        <div  class=\"tb_text_wrap\">\n        <p><a href=\"http:\/\/www.ariane-foto.de\/\" target=\"_blank\" rel=\"noopener\"><strong>ariane-foto.de<\/strong><\/a><\/p>    <\/div>\n<\/div>\n<!-- \/module text -->        <\/div>\n                    <\/div>\n        <!-- module text -->\n<div  class=\"module module-text tb_j3mo633  repeat \" data-lazy=\"1\">\n        <div  class=\"tb_text_wrap\">\n        <p>Seit ich 1990 angefixt wurde, bin ich von der Sucht FC St. Pauli nicht mehr losgekommen. Mittlerweile seit 2013 akkreditiert, fotografiere ich regelm\u00e4\u00dfig an der Seitenlinie, haupts\u00e4chlich f\u00fcr den \u00dcbersteiger, Deutschlands \u00e4ltestem noch existierenden Fu\u00dfball-Fanzine.<\/p>\n<p>In fast 28 Jahren habe ich in und um unseren Verein herumsehr viel Ver\u00e4nderungen miterlebt, meistens aber wurde etwas Gutes durch etwas ebenso Gutes ersetzt. Nur die Meckerecke und die B\u00e4ume an der Gegengerade fehlen mir noch immer!<\/p>\n<p>Au\u00dferdem: Mitglied bei F_in (Frauen im Fu\u00dfball) und ausgestattet mit einer allgemeinen Faszination f\u00fcr Fu\u00dfballpl\u00e4tze und -stadien, die in meiner Fotoausstellung \u201cStadion\u201d 2012 Ausdruck fand sowie in Ver\u00f6ffentlichungen u.a. in den Fu\u00dfballmagazinen \u201cTransparen\u201d&#8216; und \u201cBallesterer\u201d. Weitere Ausstellungen waren u.a. die Einzelausstellung &#8218;Hamburger Herbst&#8216;, die Gemeinschaftsausstellungen &#8218;Hamburg St.Pauli&#8216;, &#8218;Fuck you Freudenhaus&#8216; und &#8218;Retrospektive G20&#8216;.<\/p>\n<p>Wenn ich nicht neben einem Fu\u00dfballplatz stehe, fotografiere ich Stadt- und Landschaften, B\u00fchne und Events, Industrielles und manchmal auch Menschen.<\/p>    <\/div>\n<\/div>\n<!-- \/module text -->        <\/div>\n                    <div  data-lazy=\"1\" class=\"module_column tb-column col4-2 tb_2udv557 last\">\n                    <!-- module image -->\n<div  class=\"module module-image tb_7hra515 image-center   tf_mw\" data-lazy=\"1\">\n        <div class=\"image-wrap tf_rel tf_mw\">\n            <img loading=\"lazy\" decoding=\"async\" width=\"1000\" height=\"668\" src=\"http:\/\/blog.1910-museum.de\/fcstpauli-visuell\/wp-content\/uploads\/sites\/15\/herzchen_fcsp_bochum_klein\u00a9arigrafie.jpg\" class=\"wp-post-image wp-image-111\" title=\"herzchen_fcsp_bochum_klein\u00a9arigrafie\" alt=\"herzchen_fcsp_bochum_klein\u00a9arigrafie\" srcset=\"http:\/\/blog.1910-museum.de\/fcstpauli-visuell\/wp-content\/uploads\/sites\/15\/herzchen_fcsp_bochum_klein\u00a9arigrafie.jpg 1000w, http:\/\/blog.1910-museum.de\/fcstpauli-visuell\/wp-content\/uploads\/sites\/15\/herzchen_fcsp_bochum_klein\u00a9arigrafie-300x200.jpg 300w, http:\/\/blog.1910-museum.de\/fcstpauli-visuell\/wp-content\/uploads\/sites\/15\/herzchen_fcsp_bochum_klein\u00a9arigrafie-768x513.jpg 768w\" sizes=\"auto, (max-width: 1000px) 100vw, 1000px\" \/>    \n        <\/div>\n    <!-- \/image-wrap -->\n    \n        <\/div>\n<!-- \/module image -->        <\/div>\n                        <\/div>\n        <\/div>\n        <\/div>\n<!--\/themify_builder_content-->","protected":false},"excerpt":{"rendered":"<p>Ariane Gramelspacher ariane-foto.de Seit ich 1990 angefixt wurde, bin ich von der Sucht FC St. Pauli nicht mehr losgekommen. Mittlerweile seit 2013 akkreditiert, fotografiere ich regelm\u00e4\u00dfig an der Seitenlinie, haupts\u00e4chlich [&hellip;]<\/p>\n","protected":false},"author":18,"featured_media":0,"parent":0,"menu_order":0,"comment_status":"closed","ping_status":"closed","template":"","meta":{"_acf_changed":false,"footnotes":""},"class_list":["post-107","page","type-page","status-publish","hentry","has-post-title","has-post-date","has-post-category","has-post-tag","has-post-comment","has-post-author",""],"acf":[],"yoast_head":"<!-- This site is optimized with the Yoast SEO plugin v26.6 - https:\/\/yoast.com\/wordpress\/plugins\/seo\/ -->\n<title>Ariane Gramelspacher - FC St. Pauli visuell<\/title>\n<meta name=\"robots\" content=\"index, follow, max-snippet:-1, max-image-preview:large, max-video-preview:-1\" \/>\n<link rel=\"canonical\" href=\"http:\/\/blog.1910-museum.de\/fcstpauli-visuell\/ariane-gramelspacher\/\" \/>\n<meta property=\"og:locale\" content=\"de_DE\" \/>\n<meta property=\"og:type\" content=\"article\" \/>\n<meta property=\"og:title\" content=\"Ariane Gramelspacher - FC St. Pauli visuell\" \/>\n<meta property=\"og:description\" content=\"Ariane Gramelspacher ariane-foto.de Seit ich 1990 angefixt wurde, bin ich von der Sucht FC St. Pauli nicht mehr losgekommen. Mittlerweile seit 2013 akkreditiert, fotografiere ich regelm\u00e4\u00dfig an der Seitenlinie, haupts\u00e4chlich [&hellip;]\" \/>\n<meta property=\"og:url\" content=\"http:\/\/blog.1910-museum.de\/fcstpauli-visuell\/ariane-gramelspacher\/\" \/>\n<meta property=\"og:site_name\" content=\"FC St. Pauli visuell\" \/>\n<meta property=\"article:modified_time\" content=\"2020-06-10T19:15:27+00:00\" \/>\n<meta name=\"twitter:card\" content=\"summary_large_image\" \/>\n<meta name=\"twitter:label1\" content=\"Gesch\u00e4tzte Lesezeit\" \/>\n\t<meta name=\"twitter:data1\" content=\"1\u00a0Minute\" \/>\n<script type=\"application\/ld+json\" class=\"yoast-schema-graph\">{\"@context\":\"https:\/\/schema.org\",\"@graph\":[{\"@type\":\"WebPage\",\"@id\":\"http:\/\/blog.1910-museum.de\/fcstpauli-visuell\/ariane-gramelspacher\/\",\"url\":\"http:\/\/blog.1910-museum.de\/fcstpauli-visuell\/ariane-gramelspacher\/\",\"name\":\"Ariane Gramelspacher - FC St. Pauli visuell\",\"isPartOf\":{\"@id\":\"http:\/\/blog.1910-museum.de\/fcstpauli-visuell\/#website\"},\"datePublished\":\"2018-03-12T17:37:18+00:00\",\"dateModified\":\"2020-06-10T19:15:27+00:00\",\"breadcrumb\":{\"@id\":\"http:\/\/blog.1910-museum.de\/fcstpauli-visuell\/ariane-gramelspacher\/#breadcrumb\"},\"inLanguage\":\"de\",\"potentialAction\":[{\"@type\":\"ReadAction\",\"target\":[\"http:\/\/blog.1910-museum.de\/fcstpauli-visuell\/ariane-gramelspacher\/\"]}]},{\"@type\":\"BreadcrumbList\",\"@id\":\"http:\/\/blog.1910-museum.de\/fcstpauli-visuell\/ariane-gramelspacher\/#breadcrumb\",\"itemListElement\":[{\"@type\":\"ListItem\",\"position\":1,\"name\":\"Startseite\",\"item\":\"http:\/\/blog.1910-museum.de\/fcstpauli-visuell\/\"},{\"@type\":\"ListItem\",\"position\":2,\"name\":\"Ariane Gramelspacher\"}]},{\"@type\":\"WebSite\",\"@id\":\"http:\/\/blog.1910-museum.de\/fcstpauli-visuell\/#website\",\"url\":\"http:\/\/blog.1910-museum.de\/fcstpauli-visuell\/\",\"name\":\"FC St. Pauli visuell\",\"description\":\"Fotografische Ansichtssachen vom Millerntor\",\"potentialAction\":[{\"@type\":\"SearchAction\",\"target\":{\"@type\":\"EntryPoint\",\"urlTemplate\":\"http:\/\/blog.1910-museum.de\/fcstpauli-visuell\/?s={search_term_string}\"},\"query-input\":{\"@type\":\"PropertyValueSpecification\",\"valueRequired\":true,\"valueName\":\"search_term_string\"}}],\"inLanguage\":\"de\"}]}<\/script>\n<!-- \/ Yoast SEO plugin. -->","yoast_head_json":{"title":"Ariane Gramelspacher - FC St. Pauli visuell","robots":{"index":"index","follow":"follow","max-snippet":"max-snippet:-1","max-image-preview":"max-image-preview:large","max-video-preview":"max-video-preview:-1"},"canonical":"http:\/\/blog.1910-museum.de\/fcstpauli-visuell\/ariane-gramelspacher\/","og_locale":"de_DE","og_type":"article","og_title":"Ariane Gramelspacher - FC St. Pauli visuell","og_description":"Ariane Gramelspacher ariane-foto.de Seit ich 1990 angefixt wurde, bin ich von der Sucht FC St. Pauli nicht mehr losgekommen. Mittlerweile seit 2013 akkreditiert, fotografiere ich regelm\u00e4\u00dfig an der Seitenlinie, haupts\u00e4chlich [&hellip;]","og_url":"http:\/\/blog.1910-museum.de\/fcstpauli-visuell\/ariane-gramelspacher\/","og_site_name":"FC St. Pauli visuell","article_modified_time":"2020-06-10T19:15:27+00:00","twitter_card":"summary_large_image","twitter_misc":{"Gesch\u00e4tzte Lesezeit":"1\u00a0Minute"},"schema":{"@context":"https:\/\/schema.org","@graph":[{"@type":"WebPage","@id":"http:\/\/blog.1910-museum.de\/fcstpauli-visuell\/ariane-gramelspacher\/","url":"http:\/\/blog.1910-museum.de\/fcstpauli-visuell\/ariane-gramelspacher\/","name":"Ariane Gramelspacher - FC St. Pauli visuell","isPartOf":{"@id":"http:\/\/blog.1910-museum.de\/fcstpauli-visuell\/#website"},"datePublished":"2018-03-12T17:37:18+00:00","dateModified":"2020-06-10T19:15:27+00:00","breadcrumb":{"@id":"http:\/\/blog.1910-museum.de\/fcstpauli-visuell\/ariane-gramelspacher\/#breadcrumb"},"inLanguage":"de","potentialAction":[{"@type":"ReadAction","target":["http:\/\/blog.1910-museum.de\/fcstpauli-visuell\/ariane-gramelspacher\/"]}]},{"@type":"BreadcrumbList","@id":"http:\/\/blog.1910-museum.de\/fcstpauli-visuell\/ariane-gramelspacher\/#breadcrumb","itemListElement":[{"@type":"ListItem","position":1,"name":"Startseite","item":"http:\/\/blog.1910-museum.de\/fcstpauli-visuell\/"},{"@type":"ListItem","position":2,"name":"Ariane Gramelspacher"}]},{"@type":"WebSite","@id":"http:\/\/blog.1910-museum.de\/fcstpauli-visuell\/#website","url":"http:\/\/blog.1910-museum.de\/fcstpauli-visuell\/","name":"FC St. Pauli visuell","description":"Fotografische Ansichtssachen vom Millerntor","potentialAction":[{"@type":"SearchAction","target":{"@type":"EntryPoint","urlTemplate":"http:\/\/blog.1910-museum.de\/fcstpauli-visuell\/?s={search_term_string}"},"query-input":{"@type":"PropertyValueSpecification","valueRequired":true,"valueName":"search_term_string"}}],"inLanguage":"de"}]}},"_links":{"self":[{"href":"http:\/\/www.fcstpauli-visuell.de\/fcstpauli-visuell\/wp-json\/wp\/v2\/pages\/107","targetHints":{"allow":["GET"]}}],"collection":[{"href":"http:\/\/www.fcstpauli-visuell.de\/fcstpauli-visuell\/wp-json\/wp\/v2\/pages"}],"about":[{"href":"http:\/\/www.fcstpauli-visuell.de\/fcstpauli-visuell\/wp-json\/wp\/v2\/types\/page"}],"author":[{"embeddable":true,"href":"http:\/\/www.fcstpauli-visuell.de\/fcstpauli-visuell\/wp-json\/wp\/v2\/users\/18"}],"replies":[{"embeddable":true,"href":"http:\/\/www.fcstpauli-visuell.de\/fcstpauli-visuell\/wp-json\/wp\/v2\/comments?post=107"}],"version-history":[{"count":7,"href":"http:\/\/www.fcstpauli-visuell.de\/fcstpauli-visuell\/wp-json\/wp\/v2\/pages\/107\/revisions"}],"predecessor-version":[{"id":176,"href":"http:\/\/www.fcstpauli-visuell.de\/fcstpauli-visuell\/wp-json\/wp\/v2\/pages\/107\/revisions\/176"}],"wp:attachment":[{"href":"http:\/\/www.fcstpauli-visuell.de\/fcstpauli-visuell\/wp-json\/wp\/v2\/media?parent=107"}],"curies":[{"name":"wp","href":"https:\/\/api.w.org\/{rel}","templated":true}]}}

<!--themify_builder_content-->
<div id="themify_builder_content-107" data-postid="107" class="themify_builder_content themify_builder_content-107 themify_builder tf_clear">
                    <div  data-lazy="1" class="module_row themify_builder_row tb_ghgd770 tb_first tf_w">
                        <div class="row_inner col_align_top tb_col_count_2 tf_box tf_rel">
                        <div  data-lazy="1" class="module_column tb-column col4-2 tb_kfxn683 first">
                            <div  data-lazy="1" class="module_subrow themify_builder_sub_row tf_w col_align_top tb_col_count_2 tb_719x213">
                <div  data-lazy="1" class="module_column sub_column col4-2 tb_rkuy607 first">
                    <!-- module image -->
<div  class="module module-image tb_1mt7006 image-left   tf_mw" data-lazy="1">
        <div class="image-wrap tf_rel tf_mw">
            <img decoding="async" src="http://blog.1910-museum.de/fcstpauli-visuell/wp-content/uploads/sites/15/ariane_gramelspacher©antje_frohmu?ller.jpg" width="200" title="Ariane Gramelspacher" alt="Ariane Gramelspacher">    
        </div>
    <!-- /image-wrap -->
    
        </div>
<!-- /module image -->        </div>
                    <div  data-lazy="1" class="module_column sub_column col4-2 tb_w347631 last">
                    <!-- module plain text -->
<div  class="module module-plain-text tb_ruzg760 " data-lazy="1">
        <div class="tb_text_wrap">
    Ariane Gramelspacher    </div>
</div>
<!-- /module plain text --><!-- module text -->
<div  class="module module-text tb_zunh669  repeat " data-lazy="1">
        <div  class="tb_text_wrap">
        <p><a href="http://www.ariane-foto.de/" target="_blank" rel="noopener"><strong>ariane-foto.de</strong></a></p>    </div>
</div>
<!-- /module text -->        </div>
                    </div>
        <!-- module text -->
<div  class="module module-text tb_j3mo633  repeat " data-lazy="1">
        <div  class="tb_text_wrap">
        <p>Seit ich 1990 angefixt wurde, bin ich von der Sucht FC St. Pauli nicht mehr losgekommen. Mittlerweile seit 2013 akkreditiert, fotografiere ich regelmäßig an der Seitenlinie, hauptsächlich für den Übersteiger, Deutschlands ältestem noch existierenden Fußball-Fanzine.</p>
<p>In fast 28 Jahren habe ich in und um unseren Verein herumsehr viel Veränderungen miterlebt, meistens aber wurde etwas Gutes durch etwas ebenso Gutes ersetzt. Nur die Meckerecke und die Bäume an der Gegengerade fehlen mir noch immer!</p>
<p>Außerdem: Mitglied bei F_in (Frauen im Fußball) und ausgestattet mit einer allgemeinen Faszination für Fußballplätze und -stadien, die in meiner Fotoausstellung “Stadion” 2012 Ausdruck fand sowie in Veröffentlichungen u.a. in den Fußballmagazinen “Transparen”&#8216; und “Ballesterer”. Weitere Ausstellungen waren u.a. die Einzelausstellung &#8218;Hamburger Herbst&#8216;, die Gemeinschaftsausstellungen &#8218;Hamburg St.Pauli&#8216;, &#8218;Fuck you Freudenhaus&#8216; und &#8218;Retrospektive G20&#8216;.</p>
<p>Wenn ich nicht neben einem Fußballplatz stehe, fotografiere ich Stadt- und Landschaften, Bühne und Events, Industrielles und manchmal auch Menschen.</p>    </div>
</div>
<!-- /module text -->        </div>
                    <div  data-lazy="1" class="module_column tb-column col4-2 tb_2udv557 last">
                    <!-- module image -->
<div  class="module module-image tb_7hra515 image-center   tf_mw" data-lazy="1">
        <div class="image-wrap tf_rel tf_mw">
            <img loading="lazy" decoding="async" width="1000" height="668" src="http://blog.1910-museum.de/fcstpauli-visuell/wp-content/uploads/sites/15/herzchen_fcsp_bochum_klein©arigrafie.jpg" class="wp-post-image wp-image-111" title="herzchen_fcsp_bochum_klein©arigrafie" alt="herzchen_fcsp_bochum_klein©arigrafie" srcset="http://blog.1910-museum.de/fcstpauli-visuell/wp-content/uploads/sites/15/herzchen_fcsp_bochum_klein©arigrafie.jpg 1000w, http://blog.1910-museum.de/fcstpauli-visuell/wp-content/uploads/sites/15/herzchen_fcsp_bochum_klein©arigrafie-300x200.jpg 300w, http://blog.1910-museum.de/fcstpauli-visuell/wp-content/uploads/sites/15/herzchen_fcsp_bochum_klein©arigrafie-768x513.jpg 768w" sizes="auto, (max-width: 1000px) 100vw, 1000px" />    
        </div>
    <!-- /image-wrap -->
    
        </div>
<!-- /module image -->        </div>
                        </div>
        </div>
        </div>
<!--/themify_builder_content-->

<p>Ariane Gramelspacher ariane-foto.de Seit ich 1990 angefixt wurde, bin ich von der Sucht FC St. Pauli nicht mehr losgekommen. Mittlerweile seit 2013 akkreditiert, fotografiere ich regelmäßig an der Seitenlinie, hauptsächlich [&hellip;]</p>

<!-- This site is optimized with the Yoast SEO plugin v26.6 - https://yoast.com/wordpress/plugins/seo/ -->
<title>Ariane Gramelspacher - FC St. Pauli visuell</title>
<meta name="robots" content="index, follow, max-snippet:-1, max-image-preview:large, max-video-preview:-1" />
<link rel="canonical" href="http://blog.1910-museum.de/fcstpauli-visuell/ariane-gramelspacher/" />
<meta property="og:locale" content="de_DE" />
<meta property="og:type" content="article" />
<meta property="og:title" content="Ariane Gramelspacher - FC St. Pauli visuell" />
<meta property="og:description" content="Ariane Gramelspacher ariane-foto.de Seit ich 1990 angefixt wurde, bin ich von der Sucht FC St. Pauli nicht mehr losgekommen. Mittlerweile seit 2013 akkreditiert, fotografiere ich regelmäßig an der Seitenlinie, hauptsächlich [&hellip;]" />
<meta property="og:url" content="http://blog.1910-museum.de/fcstpauli-visuell/ariane-gramelspacher/" />
<meta property="og:site_name" content="FC St. Pauli visuell" />
<meta property="article:modified_time" content="2020-06-10T19:15:27+00:00" />
<meta name="twitter:card" content="summary_large_image" />
<meta name="twitter:label1" content="Geschätzte Lesezeit" />
	<meta name="twitter:data1" content="1 Minute" />
<script type="application/ld+json" class="yoast-schema-graph">{"@context":"https://schema.org","@graph":[{"@type":"WebPage","@id":"http://blog.1910-museum.de/fcstpauli-visuell/ariane-gramelspacher/","url":"http://blog.1910-museum.de/fcstpauli-visuell/ariane-gramelspacher/","name":"Ariane Gramelspacher - FC St. Pauli visuell","isPartOf":{"@id":"http://blog.1910-museum.de/fcstpauli-visuell/#website"},"datePublished":"2018-03-12T17:37:18+00:00","dateModified":"2020-06-10T19:15:27+00:00","breadcrumb":{"@id":"http://blog.1910-museum.de/fcstpauli-visuell/ariane-gramelspacher/#breadcrumb"},"inLanguage":"de","potentialAction":[{"@type":"ReadAction","target":["http://blog.1910-museum.de/fcstpauli-visuell/ariane-gramelspacher/"]}]},{"@type":"BreadcrumbList","@id":"http://blog.1910-museum.de/fcstpauli-visuell/ariane-gramelspacher/#breadcrumb","itemListElement":[{"@type":"ListItem","position":1,"name":"Startseite","item":"http://blog.1910-museum.de/fcstpauli-visuell/"},{"@type":"ListItem","position":2,"name":"Ariane Gramelspacher"}]},{"@type":"WebSite","@id":"http://blog.1910-museum.de/fcstpauli-visuell/#website","url":"http://blog.1910-museum.de/fcstpauli-visuell/","name":"FC St. Pauli visuell","description":"Fotografische Ansichtssachen vom Millerntor","potentialAction":[{"@type":"SearchAction","target":{"@type":"EntryPoint","urlTemplate":"http://blog.1910-museum.de/fcstpauli-visuell/?s={search_term_string}"},"query-input":{"@type":"PropertyValueSpecification","valueRequired":true,"valueName":"search_term_string"}}],"inLanguage":"de"}]}</script>
<!-- / Yoast SEO plugin. -->

Ariane Gramelspacher ariane-foto.de Seit ich 1990 angefixt wurde, bin ich von der Sucht FC St. Pauli nicht mehr losgekommen. Mittlerweile seit 2013 akkreditiert, fotografiere ich regelmäßig an der Seitenlinie, hauptsächlich [&hellip;]
